Calculate -12 + (-11 - -2) + 18.
-3
What is (4 - 0) + (5 - -3) + (-7 - -2)?
7
Evaluate 3 + 3 + 1 + -1 - (-41 - -63).
-16
What is (22 - (22 - 5)) + 13?
18
What is the value of (-12 - 29) + 34 - 8?
-15
(-19 - -16) + 5 + -7
-5
What is (-8 - 1) + 15 + (-21 - -20)?
5
Evaluate (-8 - 0) + -23 + 22 + -9.
-18
282 - 280 - ((1 - 3) + -7)
11
Calculate -4 + 4 + 0 - (137 - 144).
7
-10 + 1 - (-457 + 433)
15
What is the value of 5 + (-2 - -7) + -1 + 3?
12
Evaluate (-3 - (1 + (11 - 8))) + -1 + -4.
-12
What is -2 - (-1 - 0) - (156 - 134)?
-23
Evaluate 5 + -21 + 10 + (0 - (0 + -3)).
-3
What is 12 - (88 + -90 - (-1 + -25))?
-12
What is 6 - (-1 - (0 - (-2 + 5) - -9))?
13
What is the value of 6 - (3 + 4) - -1 - (-1 + -4)?
5
What is 30 + 12 + (-17 - 2) - -7?
30
Evaluate (-20 - 3) + (-65 - -71).
-17
What is the value of -4 - (-7 + (2 - 0) - (0 + -5))?
-4
What is the value of 2 + -6 + 4 + 5?
5
-3 + (11 + -12 + 6 + 0 - 20)
-18
What is the value of 6 + (2 - (5 - 0))?
3
(-19 - (25 + -41)) + -32
-35
Evaluate (-427 - -414) + (-2 - -11).
-4
What is (6 - 5 - (-27 + 35)) + (9 - 1)?
1
Evaluate -1 + 4 + 3 + (6 - 5).
7
Evaluate (-17 + 10 + 13 - -5) + 6.
17
What is the value of 10 + -3 + 3 - (32 + 17 + -11)?
-28
Evaluate -37 - -64 - (10 + 1).
16
What is 7 + (7 - 22 - 10 - 1)?
-19
Calculate -5 + 1 + (-15 - 1 - (-116 + 102)).
-6
What is the value of (-4 - 24) + 27 + -30 - (9 + -1)?
-39
Evaluate -1 + -20 + 160 + -171 - -7.
-25
Evaluate 3 + 20 + -37 + (3 - (9 - 2)).
-18
2 + (-3 - 1 - -1) + -47 + 19
-29
What is 11 - (-5 - -12 - 0)?
4
-6 + (-1 - (-9 + 12 + 5))
-15
Calculate (-33 - -25) + 16 + -8.
0
Evaluate (26 - -1) + (1631 - 1660).
-2
Calculate -8 + (4 - 13) - (0 + -5).
-12
-29 - ((-4 - 8) + -15) - (-38 - 0)
36
What is the value of 8 + (-21 - -7) + -19?
-25
Calculate 17 + -13 + -16 + 12.
0
What is the value of 18 + (-14 - 13) + 13?
4
Calculate -20 - ((-3 - -9) + -5).
-21
What is the value of 13 - 14 - (-5 - (5 - 14))?
-5
What is (43 - 38) + 0 + -14 - (-29 - -25)?
-5
Evaluate (-250 - -242) + (-1 - -3 - -23) - -6.
23
Calculate (2 - (1 - 0)) + -5 + -661 + 663.
-2
(6 - (-2 + -1)) + -10 + 6 + 0
5
-15 + 17 + 12 + -6
8
What is the value of -21 + 7 + (1 + -9 - -8) + 1?
-13
What is (1 - (3 - 7)) + -4 + (-1 - -15)?
15
Calculate 4 + (-1 - 8) + -9 + (9 - -1).
-4
Calculate -13 + 0 + -157 + 162 - 2.
-10
Evaluate 19 + (14 - 15 - (-1 + 5)).
14
What is -15 + (-5 - (0 + -7 + 0 + 9))?
-22
What is the value of 32 + (6 - 6 - (-25 - -15) - 17)?
25
20 + (-4 + (-16 - -10) - -13) + -7
16
Evaluate 2 + 23 + (-358 - -350).
17
What is the value of -63 + 19 - (-5 - 24)?
-15
-17 + 2 + 2 - (11 - (-7 - -16))
-15
Evaluate -7 + 10 + 4 + -3 + 10.
14
What is the value of -1 + (-16 - -20 - -3) - -4?
10
Calculate 4 - 8 - (25 + -36) - 6.
1
What is 2 + 32 + 159 + -177?
16
18 + -24 + 12 + -8 - (-3 - 1)
2
Evaluate 3 - 3 - (29 - (0 + 0) - -4).
-33
1 - (0 + 4 + 0) - 6
-9
What is the value of 12 + -10 + 6 - (25 + -11)?
-6
Calculate -2 + -1 + (0 - -18 - 22).
-7
Evaluate 1 + -2 + -8 + 40 + -13 + 3.
21
Evaluate (6 - -10) + -36 - (3 - 13 - -2).
-12
What is -6 - ((-4 - -5) + -10 + 12)?
-9
What is -38 + 30 - -9 - 13?
-12
What is (1 - -24) + (45 + -27 - 12) + -11?
20
Evaluate 13 + 24 + (-23 - -11).
25
Calculate 1 - (8 - ((1 - 0) + -14 + 8)).
-12
What is (4 - (5 + 7 + -22)) + -15?
-1
What is the value of 12 - ((-14 - -22) + 27)?
-23
15 - 23 - -21 - 13 - 24
-24
What is (-13 - 14) + 23 - (-4 + -2)?
2
Calculate 192 + -176 - (-1 - -15).
2
What is -516 - -543 - (1 - 1 - (-8 + -2))?
17
Calculate -5 + 0 - 2 - -20.
13
What is (2 - -5) + (1 + (24 - 11) - -3)?
24
Calculate 23 + 2 + (-50 - -14).
-11
What is 13 - (-18 - -1 - (-74 - -12))?
-32
What is the value of -16 - (14 + (-20 - -4))?
-14
Calculate -3 + -11 + 9 + -6 - 16.
-27
What is 67 + -49 - ((4 - 1) + 3)?
12
Evaluate -8 + (1 - -6) + 12.
11
What is 160 + -150 - (1 + -6)?
15
What is 27 - ((-12 - (12 + -19)) + 8)?
24
(-6 - 1 - (44 + -63)) + 0
12
What is the value of -177 + 169 + (23 - 1)?
14
Calculate 0 - (-19 - (-13 - 4)).
2
What is (7 - (8 + -7)) + 6 + -22?
-10
Evaluate (-7 - -18 - 13) + 2 + 2 - 6.
-4
Calculate 6 - (8 - (-21 + 6)) - (13 - 22).
-8
What is -1 + 1 + (141 - 137)?
4
Calculate (15 - 19) + -17 - -20.
-1
What is the value of (4 + 2 - 4) + -4 + -11?
-13
What is the value of -13 + -10 + 12 - 12?
-23
What is the value of 11 - 16 - (-6 + -4 + (9 - 7))?
3
What is 7 + 22 + -44 + 28?
13
3 + -3 + 6 - -9
15
(-37 - -16 - -27) + -7
-1
What is 6 - (-13 + 1 + 18 + (0 - 8))?
8
Calculate -5 - (7 - 24 - -27).
-15
What is -6 + 4 + -7 + -12 + 16?
-5
Evaluate (21 - -6 - 14) + (-8 - -2) - -12.
19
Calculate -57 - -2 - (-12 + -24).
-19
What is -47 + 49 - (2 + -2 + -1) - 13?
-10
Evaluate 12 - (4 + (-7 - (3 - 17))).
1
Calculate (5 - (-6 + 8)) + 1 - (0 + 5).
-1
What is the value of (-5 - (-28 + 16)) + (-13 - (-2 - -4))?
-8
What is (9 - 14 - -7 - (-21 - -3)) + -5?
15
What is the value of (-6 - 1) + (63 - 50)?
6
What is (5 + -7 - -2) + 8 - 7?
1
What is the value of (7 - 15) + -4 - (12 - 5)?
-19
What is 18 + -48 + 9 - -16?
-5
Evaluate (1 - 2) + (1 - -6) + -8.
-2
1 + (4 - -4) + (2 + -4 - 4)
3
75 + -71 - (-30 - -1)
33
What is the value of -199 - -186 - (21 + -8)?
-26
Calculate -18 - -35 - (4 + 30).
-17
What is the value of -12 + -8 + 14 + -7?
-13
What is 8 - (11 - (-15 - -17))?
-1
-1 - (-4 - 9) - 16
-4
What is -50 + (16 - -24) + 1 + 12?
3
What is the value of (0 + 2 - -3 - (-4 - -3)) + -13?
-7
-27 + (8 + -14 + 5 - -11)
-17
Evaluate 75 - 98 - (-34 + 9).
2
Calculate 128 + -140 + 2 + (3 - 2).
-9
Calculate (-35 - 2) + (0 - -19 - 6).
-24
Calculate (0 - 12) + 2 + (88 - 75).
3
Evaluate 1 + 17 + -51 + 56.
23
-84 + 63 + 17 + -16
-20
Evaluate -1 + (-5 - (-3 - -13)).
-16
Evaluate 6 - 12 - 0 - (3 - -10).
-19
Calculate (1 - 27) + -7 - (2 - 6 - 5).
-24
Evaluate 26 - 0 - (1 + 11 - (57 - 52)).
19
What is -24 - ((6 - -1) + (68 - 84))?
-15
Calculate 18 - 7 - 4 - 4.
3
Evaluate 3 + -1 - (452 - 442).
-8
What is the value of 33 - (37 + 40 - 34)?
-10
What is the value of 5 + -22 + -10 + 26?
-1
What is the value of (-2 + 8 - 7 - -12) + -20?
-9
(-2 - 0 - (0 - -18)) + -31 + 35
-16
What is 11 - (-5 + 2 + 8 - -2) - 20?
-16
What is -3 + -14 + (26 - 11) - -12?
10
What is the value of -3 + (7 - (8 - (-2 - -9))) - 2?
1
-10 + 9 + -13 - -24
10
(-32 - -31) + (-6 - -6) + 5 + 2
6
Evaluate -60 - -15 - -15 - (-17 - (-7 - -1)).
-19
What is -2 - (-2 - -1) - (9 + -1 + -8)?
-1
Calculate 5 - (463 - 467 - (1 + 0 + 0)).
10
What is the value of (15 - 11) + 4 + -8 + -12?
-12
What is 5 - (-1 + -12 + 19 + -12 + -6)?
17
Evaluate -10 - (-11 - (-10 + -7) - (0 + -4)).
-20
What is 14 - ((6 - 2) + -3)?
13
Calculate 21 + 5 + -48 + 24.
2
What is -196 - -201 - (-2 + 18 - 1)?
-10
Calculate 0 + (3 - (6 + -2)) + -1 - -4.
2
Calculate -3 + 4 + 1 + -12 - (-12 - -8).
-6
What is (5 - 0) + (-8 - -8) + 2?
7
What is 2 + 9 + 5 + -7 - -4?
13
What is -5 - -1 - ((14 - 8) + -6) - 4?
-8
Evaluate -5 - (-16 - (0 + 7 - (4 + 11))).
3
What is the value of 4 + -1 + -9 - (-5 - 5 - 0)?
4
What is 0 + -2 + (1 - -11) + 33 + -37?
6
-27 + 56 - 0 - (8 + -2)
23
What is 4 + (11 - 14) + -4?
-3
What is the value of (32 - ((-13 - -11) + 15)) + (5 - 11)?
13
Calculate 30 + 13 + -39 - -26.
30
Calculate -12 + 12 + (1 - -2 - 7).
-4
What is 14 + -6 + 1 - (4 + -4 + 2)?
7
-8 - -11 - ((-1 - -5 - 10) + -3)
12
What is (-3 - 0) + (-1 + 5 + 4 - -1)?
6
What is -24 + 37 + 4 + 3 + (-10 - -1)?
11
What is 16 - (-9 - (-11 + -3 + 7) - -7)?
11
Evaluate 1 - ((-8 - -13) + 5) - (1 + 0).
-10
-1 + (14 + -6 - (16 - 5))
-4
Calculate -157 + 130 - (3 - 5).
-25
Evaluate (33 - 22) + -25 - -21 - (0 + 16).
-9
Calculate 0 + 1 - ((-2 - -19) + (-60 - -64)).
-20
What is the value of -31 - (-42 + -1 - -40)?
-28
Evaluate 0 - -2 - (12 - 36) - (65 + -56).
17
Evaluate -3 + 0 - 7 - -1 - (-29 + 5).
15
What is 9 + -3 + -2 - 1 - (-13 + 29)?
-13
What is the value of (2 - 6 - -29) + -41 + 2 + 0?
-14
Calculate -7 + 16 - (-2 - -23).
-12
-12 - (5 - 14) - -14
11
-8 + 1 + (-3 - ((2 - 10) + -6))
4
0 + -2 + 80 + -56 - (-10 - -3)
29
Evaluate (-1 - 24) + (17 - 11) + 3.
-16
What is the value of (212 - 208 - (0 + -6)) + -14?
-4
What is the value of (1 + (4 - 4) - (0 - 6)) + 6?
13
Evaluate -34 - -105 - 29 - 39.
3
Evaluate -22 + -71 + 47 - (-18 + -1).
-27
What is 1 + -2 + 1 - (11 - 11)?
0
What is (5 + -5 - 0) + (4 - (5 - 2))?
1
Calculate 27 + -59 + (21 - 1).
-12